{"id":145,"date":"2023-03-18T18:52:45","date_gmt":"2023-03-18T18:52:45","guid":{"rendered":"https:\/\/dralucianadosanjos.com.br\/?page_id=145"},"modified":"2023-10-15T16:46:43","modified_gmt":"2023-10-15T19:46:43","slug":"laparoscopia","status":"publish","type":"page","link":"https:\/\/dralucianadosanjos.com.br\/?page_id=145","title":{"rendered":"Laparoscopia"},"content":{"rendered":"\n<p>O termo \u201claparos\u201d vem do grego e significa \u201cabd\u00f4men\u201d, enquanto a palavra \u201cscopia\u201d quer dizer observar. Por essa raz\u00e3o, o termo laparoscopia \u00e9 traduzido como uma forma de observar o abd\u00f4men por dentro.<\/p>\n\n\n\n<p>Sendo assim, ela permite colher material para bi\u00f3psias e praticar interven\u00e7\u00f5es cir\u00fargicas antes s\u00f3 poss\u00edveis atrav\u00e9s de cirurgias abertas.<\/p>\n\n\n\n<p>Na ginecologia, a videolaparoscopia \u00e9 um procedimento cir\u00fargico moderno, no qual s\u00e3o feitos pequenos cortes na regi\u00e3o do umbigo e na virilha para realizar interven\u00e7\u00f5es diagn\u00f3sticas ou terap\u00eauticas em problemas no sistema reprodutor feminino.<\/p>\n\n\n\n<p>Nela utiliza-se o laparosc\u00f3pio, aparelho bem fino que cont\u00e9m uma \u00f3ptica conectada a uma microc\u00e2mera que processa imagens em alta resolu\u00e7\u00e3o de todo o abd\u00f4men para monitores de v\u00eddeo, que podem ser gravadas para estudos posteriores.<\/p>\n\n\n\n<h2 class=\"wp-block-heading\">VANTAGENS DA VIDEOLAPAROSCOPIA GINECOL\u00d3GICA<\/h2>\n\n\n\n<p>Esta t\u00e9cnica cir\u00fargica \u00e9 bastante segura e tem a vantagem de ser minimamente invasiva e ocasionar, assim, um menor trauma cir\u00fargico, menos sangramento intraoperat\u00f3rio, menor dor p\u00f3s-operat\u00f3ria, recupera\u00e7\u00e3o p\u00f3s-cir\u00fargica mais r\u00e1pida e retorno mais cedo \u00e0s atividades habituais e ao trabalho, al\u00e9m de menores cicatrizes.<\/p>\n\n\n\n<p>Ela ainda reduz a taxa de infec\u00e7\u00f5es e a ocorr\u00eancia de ader\u00eancias p\u00f3s-operat\u00f3rias.<\/p>\n\n\n\n<h2 class=\"wp-block-heading\">PARA QUE SERVE?<\/h2>\n\n\n\n<p>A videolaparoscopia ginecol\u00f3gica tem como fun\u00e7\u00e3o observar o aparelho reprodutor feminino (regi\u00e3o externa do \u00fatero, ov\u00e1rios e trompas) e o interior da cavidade p\u00e9lvica; al\u00e9m de identificar e tratar, quando poss\u00edvel, as doen\u00e7as a ele associadas.<\/p>\n\n\n\n<p>Sendo assim, ela permite realizar laqueadura de trompas, identificar e tratar dor p\u00e9lvica cr\u00f4nica, endometriose, alguns casos de infertilidade, gravidez ect\u00f3pica, cistos no ov\u00e1rio, inflama\u00e7\u00f5es e ader\u00eancias, entre outras situa\u00e7\u00f5es.<\/p>\n\n\n\n<h2 class=\"wp-block-heading\">RECUPERA\u00c7\u00c3O AP\u00d3S VIDEOLAPAROSCOPIA<br>GINECOL\u00d3GICA<\/h2>\n\n\n\n<p>A paciente que passa por uma laparoscopia geralmente recebe alta em 24 horas e j\u00e1 pode voltar \u00e0s atividades di\u00e1rias em poucos dias (em torno de 15 dias).<\/p>\n\n\n\n<p>At\u00e9 ser liberada pelo m\u00e9dico, deve-se manter em repouso, evitar se relacionar sexualmente e fazer esfor\u00e7o f\u00edsico, o que inclui atividades dom\u00e9sticas, trabalhar e dirigir.<\/p>\n\n\n\n<p>\u00c9 permitido fazer caminhadas leves, o que tamb\u00e9m beneficia a elimina\u00e7\u00e3o dos gases que podem ficar acumulados na regi\u00e3o do abdome ap\u00f3s a videolaparoscopia.<\/p>\n","protected":false},"excerpt":{"rendered":"<p>O termo \u201claparos\u201d vem do grego e significa \u201cabd\u00f4men\u201d, enquanto a palavra \u201cscopia\u201d quer dizer observar. Por essa raz\u00e3o, o termo laparoscopia \u00e9 traduzido como uma forma de observar o abd\u00f4men por dentro. Sendo assim, ela permite colher material para bi\u00f3psias e praticar interven\u00e7\u00f5es cir\u00fargicas antes s\u00f3 poss\u00edveis atrav\u00e9s de cirurgias abertas. Na ginecologia, a [&hellip;]<\/p>\n","protected":false},"author":1,"featured_media":0,"parent":0,"menu_order":0,"comment_status":"closed","ping_status":"closed","template":"","meta":{"footnotes":""},"class_list":["post-145","page","type-page","status-publish","hentry"],"aioseo_notices":[],"_links":{"self":[{"href":"https:\/\/dralucianadosanjos.com.br\/index.php?rest_route=\/wp\/v2\/pages\/145","targetHints":{"allow":["GET"]}}],"collection":[{"href":"https:\/\/dralucianadosanjos.com.br\/index.php?rest_route=\/wp\/v2\/pages"}],"about":[{"href":"https:\/\/dralucianadosanjos.com.br\/index.php?rest_route=\/wp\/v2\/types\/page"}],"author":[{"embeddable":true,"href":"https:\/\/dralucianadosanjos.com.br\/index.php?rest_route=\/wp\/v2\/users\/1"}],"replies":[{"embeddable":true,"href":"https:\/\/dralucianadosanjos.com.br\/index.php?rest_route=%2Fwp%2Fv2%2Fcomments&post=145"}],"version-history":[{"count":2,"href":"https:\/\/dralucianadosanjos.com.br\/index.php?rest_route=\/wp\/v2\/pages\/145\/revisions"}],"predecessor-version":[{"id":250,"href":"https:\/\/dralucianadosanjos.com.br\/index.php?rest_route=\/wp\/v2\/pages\/145\/revisions\/250"}],"wp:attachment":[{"href":"https:\/\/dralucianadosanjos.com.br\/index.php?rest_route=%2Fwp%2Fv2%2Fmedia&parent=145"}],"curies":[{"name":"wp","href":"https:\/\/api.w.org\/{rel}","templated":true}]}}